e thousands digit of 2325?
2
What is the hundreds digit of 31884?
8
What is the ten thousands digit of 17578?
1
What is the tens digit of 4523?
2
What is the hundreds digit of 558?
5
What is the tens digit of 146504?
0
What is the units digit of 2578?
8
What is the tens digit of 1342?
4
What is the tens digit of 2712?
1
What is the units digit of 18876?
6
What is the hundreds digit of 7949?
9
What is the hundreds digit of 794?
7
What is the tens digit of 2168?
6
What is the units digit of 1313?
3
What is the units digit of 75819?
9
What is the tens digit of 1552?
5
What is the hundreds digit of 9168?
1
What is the tens digit of 19003?
0
What is the tens digit of 15641?
4
What is the ten thousands digit of 14298?
1
What is the hundreds digit of 1259?
2
What is the ten thousands digit of 23119?
2
What is the ten thousands digit of 15570?
1
What is the tens digit of 11165?
6
What is the tens digit of 49857?
5
What is the units digit of 43694?
4
What is the hundreds digit of 123?
1
What is the units digit of 3576?
6
What is the tens digit of 2986?
8
What is the tens digit of 43848?
4
What is the hundreds digit of 8988?
9
What is the thousands digit of 2142?
2
What is the units digit of 510?
0
What is the units digit of 17888?
8
What is the hundreds digit of 44127?
1
What is the hundreds digit of 4626?
6
What is the units digit of 5893?
3
What is the units digit of 8952?
2
What is the ten thousands digit of 13295?
1
What is the tens digit of 21586?
8
What is the hundreds digit of 1502?
5
What is the hundreds digit of 6592?
5
What is the hundreds digit of 258?
2
What is the units digit of 6573?
3
What is the tens digit of 3802?
0
What is the tens digit of 188?
8
What is the thousands digit of 12323?
2
What is the units digit of 14717?
7
What is the hundreds digit of 53295?
2
What is the ten thousands digit of 118925?
1
What is the hundreds digit of 7771?
7
What is the thousands digit of 6357?
6
What is the units digit of 832?
2
What is the units digit of 831?
1
What is the thousands digit of 12206?
2
What is the units digit of 1522?
2
What is the hundreds digit of 64513?
5
What is the units digit of 19467?
7
What is the tens digit of 12277?
7
What is the hundreds digit of 715?
7
What is the tens digit of 81212?
1
What is the units digit of 283?
3
What is the tens digit of 209?
0
What is the units digit of 619?
9
What is the units digit of 55?
5
What is the thousands digit of 39197?
9
What is the units digit of 12994?
4
What is the tens digit of 12654?
5
What is the units digit of 4971?
1
What is the hundreds digit of 15859?
8
What is the units digit of 3814?
4
What is the tens digit of 478?
7
What is the ten thousands digit of 35317?
3
What is the tens digit of 954?
5
What is the tens digit of 74949?
4
What is the hundreds digit of 3063?
0
What is the ten thousands digit of 85685?
8
What is the hundreds digit of 945?
9
What is the thousands digit of 1198?
1
What is the tens digit of 54?
5
What is the ten thousands digit of 13530?
1
What is the hundreds digit of 479?
4
What is the units digit of 1136?
6
What is the thousands digit of 5373?
5
What is the thousands digit of 2654?
2
What is the tens digit of 2920?
2
What is the units digit of 1198?
8
What is the units digit of 18505?
5
What is the units digit of 5788?
8
What is the hundreds digit of 2638?
6
What is the hundreds digit of 17127?
1
What is the units digit of 1134?
4
What is the units digit of 36723?
3
What is the hundreds digit of 382?
3
What is the hundreds digit of 7632?
6
What is the tens digit of 84140?
4
What is the ten thousands digit of 17000?
1
What is the units digit of 56?
6
What is the units digit of 547?
7
What is the thousands digit of 3064?
3
What is the thousands digit of 31249?
1
What is the hundreds digit of 101?
1
What is the units digit of 23083?
3
What is the thousands digit of 1537?
1
What is the units digit of 10062?
2
What is the tens digit of 4038?
3
What is the thousands digit of 1071?
1
What is the hundreds digit of 16963?
9
What is the units digit of 18761?
1
What is the hundreds digit of 18285?
2
What is the units digit of 3662?
2
What is the hundreds digit of 19760?
7
What is the tens digit of 6686?
8
What is the tens digit of 307?
0
What is the hundreds digit of 3378?
3
What is the tens digit of 6350?
5
What is the tens digit of 28544?
4
What is the tens digit of 2577?
7
What is the hundreds digit of 2404?
4
What is the hundreds digit of 9276?
2
What is the hundreds digit of 8549?
5
What is the thousands digit of 73241?
3
What is the ten thousands digit of 54776?
5
What is the tens digit of 803?
0
What is the units digit of 1796?
6
What is the hundreds digit of 115418?
4
What is the tens digit of 5470?
7
What is the tens digit of 9274?
7
What is the tens digit of 3826?
2
What is the tens digit of 497?
9
What is the hundreds digit of 6220?
2
What is the hundreds digit of 1950?
9
What is the ten thousands digit of 117134?
1
What is the hundreds digit of 4107?
1
What is the units digit of 15009?
9
What is the hundreds digit of 18238?
2
What is the units digit of 1001?
1
What is the thousands digit of 48299?
8
What is the units digit of 130413?
3
What is the units digit of 371?
1
What is the tens digit of 682?
8
What is the units digit of 60978?
8
What is the hundreds digit of 16128?
1
What is the units digit of 100?
0
What is the ten thousands digit of 33423?
3
What is the units digit of 1302?
2
What is the thousands digit of 90339?
0
What is the hundreds digit of 516?
5
What is the thousands digit of 17271?
7
What is the units digit of 10199?
9
What is the ten thousands digit of 124255?
2
What is the units digit of 2997?
7
What is the thousands digit of 3791?
3
What is the tens digit of 1059?
5
What is the thousands digit of 4768?
4
What is the tens digit of 667?
6
What is the thousands digit of 77074?
7
What is the ten thousands digit of 24355?
2
What is the thousands digit of 10673?
0
What is the hundreds digit of 1924?
9
What is the thousands digit of 2036?
2
What is the hundreds digit of 172?
1
What is the units digit of 714?
4
What is the units digit of 3431?
1
What is the hundreds digit of 2842?
8
What is the units digit of 1528?
8
What is the thousands digit of 3581?
3
What is the hundreds digit of 18206?
2
What is the hundreds digit of 1874?
8
What is the tens digit of 12619?
1
What is the tens digit of 23378?
7
What is the ten thousands digit of 13725?
1
What is the units digit of 20704?
4
What is the thousands digit of 34443?
4
What is the units digit of 110900?
0
What is the units digit of 821?
1
What is the units digit of 8746?
6
What is the tens digit of 2248?
4
What is the units digit of 10423?
3
What is the tens digit of 8352?
5
What is the thousands digit of 6391?
6
What is the hundreds digit of 628?
6
What is the thousands digit of 3013?
3
What is the units digit of 11442?
2
What is the hundreds digit of 2019?
0
What is the tens digit of 52157?
5
What is the tens digit of 2486?
8
What is the units digit of 7387?
7
What is the ten thousands digit of 36258?
3
What is the ten thousands digit of 31622?
3
What is the hundreds digit of 7993?
9
What is the units digit of 886?
6
What is the thousands digit of 2131?
2
What is the units digit of 157208?
8
What is the thousands digit of 2008?
2
What is the thousands digit of 77449?
7
What is the thousands digit of 16080?
6
What is the units digit of 2463?
3
What is the tens digit of 111216?
1
What is the tens digit of 226?
2
What is the units digit of 1992?
2
What is the thousands digit of 7159?
7
What is the tens digit of 6164?
6
What is the ten thousands digit of 26121?
2
What is the thousands digit of 6971?
6
What is the units digit of 937?
7
What is the tens digit of 1916?
1
What is the hundreds digit of 6188?
1
What is the hundreds digit of 6025?
0
What is the thousands digit of 1148?
1
What is the tens digit of 1503?
0
What is the units digit of 9536?
6
What is the tens digit of 1380?
8
What is the tens digit of 396?
9
What is the thousands digit of 1591?
1
What is the units digit of 626?
6
What is the hundreds digit of 65191?
1
What is the units digit of 980?
0
What is the tens digit of 435?
3
What is the units digit of 495?
5
What is the units digit of 659?
9
What is the thousands digit of 905